8
Let c(l) = -514*l**3 + 91*l**2 - 175*l - 4. Give c(2).
-4102
Let f(m) = 2*m**2 + 46264*m - 509163. Calculate f(11).
-17
Let d(f) = -143*f**2 - 97*f - 52. Give d(-1).
-98
Let m(x) = -2*x**3 + 93*x**2 + 47*x - 5. Determine m(47).
-5
Let s(o) = 3*o**2 - 127*o - 274. Calculate s(48).
542
Let c(j) = 6*j**3 + 309*j**2 - 170*j + 99. Determine c(-52).
827
Let o(j) = -60*j**2 - 17640*j - 52363. Determine o(-291).
17
Let h(s) = -44416*s - 843926. Give h(-19).
-22
Let g(o) = -7*o**3 + 258*o**2 - 206*o - 386. Determine g(36).
-26
Let b(j) = -4692*j - 206552. Determine b(-44).
-104
Let p(u) = u**3 + 50*u**2 + 317*u - 398. What is p(-9)?
70
Let m(k) = -5*k**3 + 862*k**2 - 281*k - 10817. Determine m(172).
19
Let r(j) = -j**2 - 1138*j + 9154. Determine r(8).
-14
Let r(n) = 56*n**3 - 727*n**2 + 145*n - 2042. Calculate r(13).
12
Let g(t) = 38*t**3 + 40*t**2 - 202*t - 959. Calculate g(-3).
-1019
Let b(y) = -4590*y + 23018. Calculate b(5).
68
Let v(j) = 8*j - 1712. Determine v(248).
272
Let m(l) = -6*l**2 - 875*l + 7647. Give m(-155).
-878
Let m(g) = 537*g**2 + 4295*g + 1. Give m(-8).
9
Let k(c) = c**3 + 25*c**2 - 738*c - 18542. What is k(-26)?
-30
Let u(j) = j**3 - 453*j**2 + 2457*j + 100586. What is u(447)?
11
Let f(c) = -40*c**2 - 132*c + 5305. Determine f(10).
-15
Let t(v) = 3870021*v + 15480082. Determine t(-4).
-2
Let a(d) = -2*d**2 + 797*d - 65862. Determine a(117).
9
Let y(k) = -10617*k + 42548. Calculate y(4).
80
Let f(t) = -3919*t**2 - 145005*t - 75. Calculate f(-37).
-1
Let q(z) = 4*z**2 - 2510908*z - 2510907. Give q(-1).
5
Let z(h) = -8*h**3 - 7*h**2 - 523*h - 2095. What is z(-4)?
397
Let w(z) = 2*z**2 + 1266*z - 20567. Calculate w(16).
201
Let m(l) = l**3 - 49*l**2 - 1048*l + 68. Calculate m(-17).
-1190
Let o(r) = r**3 + 47*r**2 - 2170*r - 101983. Give o(-47).
7
Let h(z) = z**3 - 163*z**2 + 651*z - 2469. What is h(159)?
-84
Let a(g) = 67*g + 5138. Give a(-99).
-1495
Let x(d) = 46*d**2 + 64*d - 7. Give x(3).
599
Let c(u) = -68*u**2 - 761*u - 5. Give c(-10).
805
Let q(a) = -4*a**2 + 156*a + 10802. Give q(75).
2
Let s(r) = 261575*r + 6277800. Give s(-24).
0
Let w(l) = 3033*l + 13232. Calculate w(-4).
1100
Let l(h) = -h**3 - 347*h**2 - 5740*h + 3217. Give l(-18).
-59
Let y(k) = -k**3 + 96*k**2 - 604*k + 67857. What is y(97)?
-140
Let g(i) = -39471*i + 197346. Give g(5).
-9
Let c(l) = 41*l**2 - 2730*l + 7819. Calculate c(3).
-2
Let y(w) = 457*w + 4602. What is y(-10)?
32
Let v(z) = -z**3 - 27*z**2 + 610*z - 2615. Determine v(7).
-11
Let k(o) = o**2 + 896*o - 20253. Calculate k(22).
-57
Let v(i) = 6464*i + 25648. Give v(-4).
-208
Let y(n) = 415*n - 388. What is y(2)?
442
Let h(x) = 2*x**2 - 1316*x + 216190. Calculate h(336).
-194
Let z(f) = -1784*f + 39347. Calculate z(22).
99
Let d(a) = a**2 - 5844*a - 782727. Determine d(-131).
-2
Let x(j) = j**2 - 325261*j + 14959899. What is x(46)?
9
Let v(a) = 60*a**3 - 1740*a**2 + 19*a - 546. Determine v(29).
5
Let q(x) = -2*x**3 - 57*x**2 + 75*x - 426. Determine q(-31).
2054
Let s(z) = -820*z - 127090. Determine s(-155).
10
Let g(c) = 90086*c - 90111. What is g(1)?
-25
Let c(j) = 118*j**2 + 5894*j - 303. Determine c(-50).
-3
Let g(f) = -145318*f + 145320. Determine g(1).
2
Let k(q) = 13*q**2 + 807*q + 5612. Give k(-7).
600
Let x(b) = b**3 + 11*b**2 - 113*b - 19. Determine x(-17).
168
Let f(t) = -4063*t + 8532. What is f(2)?
406
Let t(k) = -2*k**2 + 202*k + 2302. Give t(114).
-662
Let f(o) = -o**3 - 222*o**2 - 7964*o + 46. Calculate f(-45).
1
Let r(l) = l**2 + 159*l + 1828. Determine r(-12).
64
Let x(h) = -23*h**2 + 138*h + 522. Determine x(-2).
154
Let f(l) = l**3 - 69*l**2 + 246*l + 14814. Give f(61).
52
Let c(f) = -5*f**2 - 624*f + 2008. Give c(-128).
-40
Let d(r) = r**3 + 145*r**2 + 2394*r + 3. Give d(-19).
3
Let k(d) = -d**3 + 1308*d**2 + 849191*d - 12479. Give k(1784).
9
Let f(h) = 4413*h + 29020. Calculate f(-7).
-1871
Let p(x) = 178*x + 4666. Calculate p(-30).
-674
Let p(b) = -834*b + 76298. Calculate p(91).
404
Let f(q) = -6*q**2 - 819*q - 3062. Determine f(-133).
-269
Let c(k) = -8*k**2 - 787*k + 10255. What is c(-110)?
25
Let n(g) = -g**2 - 13*g + 452. Give n(24).
-436
Let a(o) = -2*o**2 + 42*o + 4900. What is a(-42)?
-392
Let g(l) = -l**2 - 2129*l + 29962. What is g(14)?
-40
Let x(q) = q**3 + 2*q**2 + 1055*q + 2112. Determine x(-2).
2
Let r(f) = f**3 + 32*f**2 + 211*f + 2790. Give r(-28).
18
Let t(b) = -668*b + 47094. What is t(70)?
334
Let g(x) = -66*x**2 - 2175*x + 100. Give g(-33).
1
Let t(y) = -2*y**2 + 8321*y - 8113566. Determine t(1560).
-6
Let v(m) = -11274*m - 326567. Calculate v(-29).
379
Let g(o) = -2721*o - 922414. Give g(-339).
5
Let t(k) = k**2 + 178*k + 2769. Calculate t(-19).
-252
Let h(l) = l**3 + 66*l**2 - 277*l - 14075. Determine h(-67).
-5
Let b(x) = -106908*x - 427622. Calculate b(-4).
10
Let b(h) = 1490*h + 564698. Give b(-379).
-12
Let z(q) = -29*q**2 + 51*q - 103. Determine z(7).
-1167
Let z(l) = 8724*l - 26354. Determine z(3).
-182
Let c(u) = -28*u**2 - 570*u - 149. What is c(-20)?
51
Let m(p) = 2959*p - 83241. Give m(28).
-389
Let i(x) = 28*x**2 + 466*x + 713. Calculate i(-15).
23
Let p(m) = 43*m - 254. Determine p(-34).
-1716
Let p(d) = -1058*d - 8522. Determine p(-8).
-58
Let v(b) = -25*b**2 - 7447*b - 6527. Determine v(-297).
7
Let k(s) = -3*s**3 - 189*s**2 + 197*s + 392. Calculate k(-64).
72
Let p(t) = 2*t**3 - 35*t**2 - 26335*t + 473703. Determine p(18).
-3
Let b(d) = -d**3 + 29*d**2 - 53*d + 5714. What is b(35)?
-3491
Let r(j) = j**2 - 94*j - 3439. What is r(-33)?
752
Let t(f) = 2*f**2 + 974*f + 17770. What is t(-19)?
-14
Let i(h) = 2805*h - 2597456. Give i(926).
-26
Let g(p) = -p**3 - 12*p**2 + 127*p - 18. Calculate g(-17).
-732
Let b(r) = -605*r - 278298. What is b(-460)?
2
Let v(w) = -w**2 - 277515*w - 25. Determine v(0).
-25
Let u(k) = k**3 - 181*k**2 + 157*k + 4186. Give u(180).
46
Let d(f) = -129*f**2 - 131*f + 128. Give d(-4).
-1412
Let d(w) = 3*w**3 + 442*w**2 + 899*w + 110537. Calculate d(-147).
-7
Let x(c) = 45285*c - 633973. Calculate x(14).
17
Let z(h) = h**3 - 82*h**2 - 1030*h + 8. Calculate z(93).
-643
Let f(q) = q**2 + 74*q + 450. Give f(-56).
-558
Let d(c) = -c**3 - 256*c**2 - 17*c - 4390. Determine d(-256).
-38
Let u(b) = b**2 - 2523*b - 152383. Calculate u(-59).
-45
Let v(x) = -x**3 - 85*x**2 + 32*x + 9739. What is v(-84)?
-5
Let k(y) = 21311*y - 85224. Calculate k(4).
20
Let n(t) = -2*t**3 + 24*t**2 + 295*t - 803. Give n(19).
-252
Let b(h) = 89*h - 13065. Determine b(145).
-160
Let i(z) = z**3 + 20*z**2 + 295*z + 2134. What is i(-9)?
370
Let j(i) = -1426*i + 7153. Give j(5).
23
Let p(t) = 83*t**2 + 887*t - 959. What is p(1)?
11
Let l(r) = 21666*r - 390080. Calculate l(18).
-92
Let k(l) = 651426*l + 33222730. Determine k(-51).
4
Let p(s) = 17615*s + 25. Calculate p(0).
25
Let a(w) = 370505*w - 6298588. Determine a(17).
-3
Let q(b) = 2*b**3 + 1064*b**2 + 25353*b + 1553. Calculate q(-507).
32
Let d(j) = 14650*j + 556856. Determine d(-38).
156
Let k(z) = -8*z**2 + 137*z + 1056. Determine k(-7).
-295
Let y(g) = 7*g**3 + 44*g**2 - 13*g - 88. Calculate y(-5).
202
Let y(u) = -u**3 + 55*u**2 + 19*u + 9014. Calculate y(58).
24
Let j(g) = -302*g**3 - 9664*g**2 + 19*g + 600. Determine j(-32).
-8
Let s(r) = 15*r**3 + 75*r**2 + 41*r + 226. What is s(-5)?
21
Let j(b) = 134*b - 21426. Determine j(163).
416
Let g(r) = 2*r**3 - 13*r**2 - 2173*r + 15061. Calculate g(7).
-101
Let x(p) = p**3 + 53*p**2 - 188*p - 1130. Give x(-56).
-10
Let z(t) = -352*t - 37660. Calculate z(-107).
4
Let a(c) = -286*c + 20409. Give a(70).
389
Let i(y) = -46*y**2 - 1037*y + 125. Give i(-25).
-2700
Let f(c) = -5*c**3 + 311*c**2 + 1254*c - 82. Determine f(66).
-82
Let x(p) = -5*p**3 - 58*p**2 - 151. What is x(-14)?
2201
Let t(g) = g**2 + 47190*g - 2078282. Determine t(44).
14
Let f(v) = 15*v**2 + 1549*v + 5286. Determine f(-100).
386
Let h(k) = 3*k**2 + 1891*k - 721094. What is h(-898)?
0
Let t(o) = -211882*o - 211881. What is t(-1)?
1
Let k(x) = 3*x**2 - 4397*x + 56981. What is k(13)?
327
Let p(g) = 16*g**3 - 279*g**2 + 125*g - 37. Determine p(17).
65
Let l(f) = -f**3 - 145*f**2 - 174*f - 4369. What is l(-144)?
-49
Let l(v) = -3*v**2 - 1025*v - 7007. Determine l(-7).
21
Let n(y) = -505*y - 582269. Give n(-1153).
-4
Let w(b) = b**2 - 1757*b + 460955. Give w(321).
-1
Let i(u) = -479*u + 17556